) = -r**3 + 6*r**2 - 4*r + 1. Let v be l(4). Let n = 26 - v. Suppose 0*q = -q + n. What is the units digit of q?
9
Let q(f) be the second derivative of 3*f**4/4 + f**3/6 - f. Let i be q(-1). Suppose -2 + i = 3*v. What is the units digit of v?
2
Suppose 0 = -2*x + 11 + 21. What is the units digit of x?
6
Let y(a) = 6*a**3 - 5*a**2 - 6*a + 10. Let t(p) = p**3 - p**2 - p + 1. Let q(z) = -5*t(z) + y(z). What is the units digit of q(0)?
5
Let j = 2 - 5. Let a be (-2)/j*3/1. Suppose 0*y - a = -2*y. What is the units digit of y?
1
Suppose -2*a - 68 = -5*a + 4*i, -2*a - 4*i = -12. What is the tens digit of a - ((-4)/2 + 1)?
1
Suppose 3*x = -f + 4*f + 54, -x = 4*f + 47. Let r = 46 + -25. Let g = r + f. What is the units digit of g?
8
Let a be ((-44)/12 - -4)*171. Suppose 0 = -5*u + 4*r + 134, 0 = 2*u - 8*r + 3*r - a. What is the tens digit of u?
2
Suppose -4*t - 5*n = 10, 2*n = -3*t + n - 2. Let i(b) = -b**2 + 7*b. Let r be i(5). Suppose 3*m + t*m - 12 = -2*a, 4*a = m + r. What is the units digit of m?
2
Let h(v) be the third derivative of v**4/4 + v**3/6 + 4*v**2. Let w be h(1). Suppose p = -3*u + 24, u = -2*p + w*p - 88. What is the tens digit of p?
1
Let q(p) = 0*p - p - 1 + 0. Let o be q(2). What is the units digit of (-2 + 14)/(o/(-2))?
8
Let p(k) = k**2 - 3*k + 3. Let d(a) = 3*a + 2. Let s be d(3). Suppose 2*i - 5*i - r + 14 = 0, -3*i + 4*r - s = 0. What is the units digit of p(i)?
3
Let i(m) = -m - 2. What is the units digit of i(-5)?
3
Let c = -6 + 1. Let z(q) = -2*q - 6. What is the units digit of z(c)?
4
Suppose -4*z = -2*z - 6. Suppose 4*a + 0 = -3*v - z, 3*a - 5*v - 34 = 0. What is the units digit of a?
3
Let p be (6/(-9))/((-2)/3). Let h be (-26)/4 + (-2)/(-4). Let v = p - h. What is the units digit of v?
7
Let f(s) = -s - 1. Suppose -w + 3*o = 7*o, -4*o = 5*w + 16. Let v be f(w). Let g = 4 - v. What is the units digit of g?
1
Let a(r) = -2*r - 9. Let t be a(-6). Suppose -t*j = -2*j - 4. What is the units digit of (j/(-6))/(6/(-9))?
1
Let f(o) = 2*o**3 - 4*o**2 + 5*o - 7. What is the units digit of f(3)?
6
Let v be (-5)/(-2)*(-6 + 4). Let d = v + 11. What is the units digit of d?
6
Let a(m) = 4*m - 3. Let o be a(-3). Let v = 2 - o. What is the tens digit of v?
1
Let h(a) = 19*a**2 - 6*a - 7. What is the units digit of h(-2)?
1
Let b(w) be the first derivative of w**6/180 + w**5/24 - w**4/6 - 2*w**3/3 - 1. Let d(p) be the third derivative of b(p). What is the units digit of d(-4)?
8
Let g = 16 + -11. What is the units digit of g?
5
Suppose 0 = -3*o + 38 + 25. What is the units digit of o?
1
Let f be (-2 + 1)*(1 + 0). What is the units digit of 4 - f/((-2)/(-6))?
7
Suppose 0 = 4*n + 2*c - 56, 4*c = -2*n + 3*n + 4. What is the tens digit of 160/n - (-6)/9?
1
Suppose 5*a = -i + 27, -3*a - 6 + 19 = -i. Suppose -3 + 9 = i*f. What is the units digit of (-12)/(-2) + f + -2?
7
Let a = 5 + -1. Let t(p) = -3*p + 2*p - p**2 + 4*p**3 + a - 3*p**3 + 2. What is the units digit of t(0)?
6
Let n be ((-6)/8)/(2/(-8)). Suppose l + n = 21. What is the units digit of l?
8
Let v(s) = s**3 + 2*s**2 - s - 1. Let p be v(-2). Suppose u + 3 = -p. What is the units digit of ((-8)/10)/(u/10)?
2
What is the hundreds digit of 8/(-20) - (-3724)/10?
3
Let w = -11 - -11. Suppose w*h - 5*h = -240. Suppose i - 4*i = -h. What is the tens digit of i?
1
Let g(i) = -118*i + 2. What is the tens digit of g(-1)?
2
Let h = 8 + -5. Suppose m = -h*m + 8. What is the units digit of m?
2
Let r = -2 - -3. Let p be (r + 3/(-6))*4. Suppose -p*x = -0 - 8. What is the units digit of x?
4
Let l(p) = p**3 - 5*p**2 - 4*p + 6. Suppose -4*q = -8 - 16. What is the units digit of l(q)?
8
Suppose 0 + 1 = -3*m + 2*x, 2*m = -3*x + 21. Suppose k - 5 = -o - 0, 5*o + m*k = 33. What is the units digit of o?
9
Suppose 16 - 76 = -4*y. What is the units digit of y?
5
Let w = 79 + -15. What is the units digit of w?
4
Let o be ((-365)/20)/((-2)/8). Suppose 0 = -2*v - 4*g + 94, v - o = -v + 3*g. Suppose -h + 4*q = -19, -3*h - 2*h = -2*q - v. What is the units digit of h?
7
What is the units digit of (-617)/(-4) + (-2)/8?
4
Suppose -265 = -3*o - 52. What is the tens digit of o?
7
Let l = 4 - -3. Let w be (-634)/(-14) + (-2)/l. Suppose 4*r - w = -3*h + r, 5 = -h + 3*r. What is the tens digit of h?
1
Suppose 0 = -o - 5*b + 14, 2*o - o - 11 = -4*b. Let c(g) = g**3 + g**2 - g - 1. Let f be c(o). Suppose f = -3*v - 2*v + 35. What is the units digit of v?
7
Let j be (1 - 1) + -2 + 7. Let y be 1/2*(79 - -1). Suppose -5*i + y = j. What is the units digit of i?
7
Let x = -25 - -31. What is the units digit of x?
6
Suppose 18*w - 23*w = -75. What is the tens digit of w?
1
Let t(w) = -3*w - 6. Let k be t(-2). Let p(h) = h**3 + h**2 - 2*h + 13. What is the tens digit of p(k)?
1
Suppose -131 = -2*n - 3*j, 4*n - 257 = 5*j - 6*j. What is the units digit of n?
4
Let f(b) be the third derivative of -b**6/120 - b**5/60 + 5*b**4/24 + b**3/2 - b**2. Let z be f(-3). Suppose h = z*h - 35. What is the units digit of h?
7
What is the units digit of 1*55*4/2?
0
Suppose 3*b - 362 = 238. What is the units digit of b?
0
Suppose -7*x + 1127 = -0*x. What is the hundreds digit of x?
1
Suppose 0 = g - 33 - 184. What is the units digit of g?
7
Let m(f) = -f**3 - 6*f**2 - 5*f + 4. Let g be m(-5). Suppose 0 = -g*b - o + 43, 2*o = -0*b - 3*b + 36. What is the units digit of b?
0
Suppose -4*x = -x - 12. Suppose -x*c = -3*c - 4*a - 38, -3 = a. What is the units digit of c?
6
Let h(t) be the first derivative of 2*t**2 - 2*t + 5. What is the tens digit of h(5)?
1
Suppose -3*n + 5*q = q - 455, 3*n + 4*q = 463. What is the tens digit of n?
5
Let b(v) be the third derivative of v**6/120 - v**5/20 - v**4/6 + v**3/2 - 2*v**2. Let z be b(3). Let h(o) = o**2 + 8*o + 7. What is the tens digit of h(z)?
1
Let d(g) = 0*g**2 - 4 + 3 + 0*g**2 - g + g**3. What is the units digit of d(2)?
5
Let k = 57 - 37. What is the tens digit of k?
2
Suppose -v + 5*x = 0, -5*v + 5*x - 4*x + 72 = 0. What is the units digit of v?
5
Suppose 3*w + 5*h = 193, w - 4*h - 114 = -w. What is the tens digit of w?
6
Suppose z - 21 + 67 = 0. Let p = -31 - z. What is the tens digit of p?
1
Let h = 257 - 110. What is the tens digit of h?
4
Suppose -q + 3*s + 8 = -9, 4*q + 4*s - 148 = 0. Let d = 14 - q. Let b = -1 - d. What is the tens digit of b?
1
Suppose 3*f - 6*f = -18. Let p = 26 - f. What is the units digit of p?
0
Let a = -1 + 7. What is the units digit of a/(-30) + 116/5?
3
Suppose 4*t = 21 - 5. Let m be (-76)/6 + t/6. Let u = m - -19. What is the units digit of u?
7
Let k = -234 - -151. Let i be (-8)/36 + k/(-9). What is the units digit of 66/i + (-2)/(-3)?
8
Suppose 2*o - 3*o + y = -78, 5*y - 25 = 0. What is the tens digit of o?
8
Let r(x) = -x**3 - 3*x**2 + x + 1. Let u be r(-3). Let z(t) = 5*t - 2. Let d be z(u). Let l = -7 - d. What is the units digit of l?
5
Let o(f) = f**2 - 3 - f**3 - 2*f + f**2 - 3*f**2. What is the units digit of o(-2)?
5
Let c be (-2 - -1)/(10/(-610)). Suppose 3*y = c + 47. What is the units digit of y?
6
Suppose 176 = 6*d - 682. What is the hundreds digit of d?
1
Let l(m) be the third derivative of m**5/60 + 5*m**4/24 - m**3/3 - 2*m**2. Let d be l(-6). Let a = d + 0. What is the units digit of a?
4
Suppose -3*w + 108 = -3*c, -5*w + 164 = -0*c + 3*c. Let m = w - 22. What is the tens digit of m?
1
Suppose -3*h + 5*h = 40. What is the tens digit of h?
2
Suppose 1 = -5*a + 21. Suppose -5 = -3*j - 3*f + 4, -13 = -a*j - 3*f. What is the units digit of j?
4
Let a(q) = q**3 + 13*q**2 - 3*q - 18. What is the units digit of a(-13)?
1
Let w(n) = -n + 4. Suppose 2*d + 2*o + 8 = 0, -d = d + 5*o + 17. Let t = d + 1. What is the units digit of w(t)?
4
Let r(m) = -m**2 + 3*m + 9. Let d be r(4). Let t = 1 - -1. Suppose 17 = d*q + t. What is the units digit of q?
3
Let b(c) be the second derivative of -c**6/720 - 7*c**5/120 - c**4/4 + 2*c. Let w(s) be the third derivative of b(s). What is the units digit of w(-8)?
1
Let f be (-2 - -2)*(-2)/(-4). Suppose f = 5*i - 2*s + 7*s - 55, -4*s + 22 = 2*i. What is the units digit of i?
1
Let c(w) = -w + 12. Let h be c(9). Suppose -g = -43 + h. What is the tens digit of g?
4
Suppose -49 = -5*m + 141. What is the tens digit of m?
3
Let k(g) = -g**2 + 9*g - 4. Suppose -i + 0*i + 7 = 0. What is the tens digit of k(i)?
1
What is the tens